Let w(l) = -l**2 - 3*l + 1. Let g be w(-4). Let z be -1*g/2*2. Suppose -z*s + 38 = 8. What is the highest common divisor of 90 and s?
10
Let w be -30*((-20)/6)/5. Let k = -50 + w. Let n = k + 44. What is the greatest common factor of 28 and n?
14
Let y(t) = -t**2 - t + 348. Let i be y(0). Let c = 501 - i. Calculate the greatest common divisor of 17 and c.
17
Let o = 28 + -6. Let l = o - 8. Let g be (1 + (-20)/(-8))/(2/4). Calculate the highest common factor of l and g.
7
Let v = 14 - -3. What is the greatest common divisor of v and 17?
17
Let p be 6/33 - (-416)/11. Suppose 0 = 4*b + w - 230, 0*w + 3*w = 5*b - 279. What is the highest common factor of b and p?
19
Let g = 159 + -54. Calculate the highest common divisor of g and 21.
21
Let j(l) = 3*l**3 + 2*l**2 - l. Let i be j(1). Suppose i*t = -1 + 89. Let x be 1/(-2 + 23/11). Calculate the greatest common factor of x and t.
11
Let m be 6/2*(-1 + 7). Suppose 0 = 5*g - 0 - 15. Suppose 35 = g*h + 8. Calculate the highest common factor of h and m.
9
Suppose -2*i = -4*i + 24. Calculate the highest common divisor of i and 36.
12
Suppose -3*a = 3*a - 390. What is the highest common divisor of a and 5?
5
Suppose -4*d = -6*d + 6. Suppose 0*v - d*v + 3 = -5*z, -3*z = -3*v + 9. Calculate the greatest common factor of v and 54.
6
Let z(o) = 0 - 4 - 1 + 1 + 3*o**2 + 3*o. Let x be z(4). Calculate the highest common divisor of x and 8.
8
Let v(r) = -r + 11. Let p be v(5). Suppose z + 5 = -2*o, -o + p = -5*o + 2*z. Let y be 259/4 + o/(-8). What is the greatest common factor of 13 and y?
13
Suppose 11 = 4*y - 21. Suppose -4*z - 131 = -2*d - 3*z, -189 = -3*d - z. What is the highest common divisor of y and d?
8
Suppose -4*x + 0 = -2*l - 2, -l = 5*x - 20. What is the greatest common divisor of l and 15?
5
Suppose -4*s = -0*s. Let j(r) = -r**2 - 7*r - 7. Let x be j(-5). Suppose s = -x*o + 2*o + 15. Calculate the greatest common factor of 10 and o.
5
Let w = 63 - -3. Let s = 11 + 11. What is the greatest common divisor of s and w?
22
Let m(r) = -2*r - 33 + 33. Let i be m(-6). Let g be i/(-8)*(-16)/3. What is the highest common factor of 88 and g?
8
Let i(l) = l - 7. Let z be i(3). Let w = z + 8. Suppose 3*a - 5*d = 56, 0 - 4 = a + w*d. What is the greatest common divisor of 48 and a?
12
Suppose 0 = 4*i - 0*i. Suppose i = -0*c + 4*c - 308. Suppose -3*r = -4*r + c. Calculate the greatest common factor of 11 and r.
11
Let l(i) = -i + 5. Let y be l(5). Suppose y = -4*s + 56 + 52. What is the highest common factor of 3 and s?
3
Let m be (80/(-12))/(3/(-18)). Calculate the greatest common factor of 30 and m.
10
Let b = -13 - -23. Suppose 0*g - b = -5*g. Calculate the greatest common divisor of 3 and g.
1
Let l be (-48)/(-4) - (1 - 1). Suppose 5*o - l = 3. Calculate the greatest common factor of o and 9.
3
Let w(t) = -t - 9*t - t. Let c be w(-6). What is the highest common divisor of 6 and c?
6
Let a(q) = -q - 3. Let v be a(-5). Let w(x) = x**3 - x**2 - x - 1. Let k be w(v). What is the greatest common factor of 5 and k?
1
Suppose 6*y - y = 25. Suppose 0 = 2*u - y + 17. Let t = u - -142. What is the highest common factor of 17 and t?
17
Let b = 10 - -18. What is the greatest common divisor of b and 14?
14
Suppose 25 = 3*b - 5*o, 3*b - 3*o = 24 - 9. Let a be 10/1 - (b - 3). Calculate the highest common divisor of 91 and a.
13
Let c = 63 + -48. Calculate the greatest common factor of 35 and c.
5
Let x be (3 - (-162)/(-30))*50/(-3). What is the greatest common factor of x and 5?
5
Let n be (17/2)/((-3)/(-6)). Calculate the greatest common divisor of 136 and n.
17
Suppose -3*u + 31 + 14 = 0. What is the highest common factor of u and 120?
15
Let t be 10/(((-2)/24)/(-1)). Calculate the highest common divisor of 15 and t.
15
Let m = 12 + -13. Let x(b) = 1. Let n(h) = 9*h + 3. Let j(f) = -n(f) + 4*x(f). Let g be j(m). What is the greatest common divisor of 10 and g?
10
Suppose 0 = 2*o - q - 24, 0 = -5*o - 9*q + 4*q + 75. What is the highest common factor of 13 and o?
13
Let n = -184 + 234. Calculate the greatest common factor of 450 and n.
50
Suppose 0 = 6*v + 26 - 128. What is the highest common factor of 51 and v?
17
Let f be (1 + -4*1)/(9/(-168)). What is the greatest common factor of 28 and f?
28
Suppose 4*s + 58 - 218 = 0. Let m = s - 20. Calculate the highest common factor of m and 60.
20
Suppose -40 = -4*t - 8. Calculate the greatest common factor of t and 12.
4
Let a(r) = -r - 1. Let v be a(-1). Suppose -4*u + v*f + 318 = -2*f, -u + 2*f + 78 = 0. What is the greatest common factor of u and 16?
16
Let r be (-65 + 0)*((-26)/10 - -2). What is the greatest common divisor of 117 and r?
39
Suppose n + 10 = 3*n. Let b(z) = z**2 - 6*z + 7. Let h be b(n). Suppose -r - h*r = -225. Calculate the highest common factor of 30 and r.
15
Suppose b = -b + 22. Calculate the greatest common factor of b and 22.
11
Suppose -f + 16 = 3*f. Let w be (-756)/(-44) - f/22. What is the greatest common factor of w and 136?
17
Let t = 70 + -40. Calculate the greatest common divisor of t and 12.
6
Let w(g) = g + 343. Let k be w(0). Let y = k + -226. Calculate the greatest common factor of 13 and y.
13
Suppose 11*r - 196 - 134 = 0. Let m be 0/(2 + -3 + -1). Suppose 2*g = -2*j + 40, m*j - 5*j + 70 = -g. What is the highest common factor of j and r?
15
Let j be (-3 - -1)*-1*(-7)/(-2). What is the highest common factor of 7 and j?
7
Suppose 0*s = 5*s - 200. Let z = 17 + -12. What is the highest common divisor of z and s?
5
Let y = 1430 + -935. Suppose y = 11*t - 6*t. Calculate the greatest common factor of t and 9.
9
Let v = -86 + 176. What is the highest common divisor of 18 and v?
18
Suppose 19 = h - 3*r, 4*h + h = -5*r - 5. Suppose 0 = -4*j + q + 36, -3*q - 45 = -5*j - 8*q. Let o = 41 - j. Calculate the highest common divisor of h and o.
4
Let n be 16/9 - (-6)/27. Suppose n = 4*l - 6. Suppose -j = l*k - 168, -k = -0*k - 4. Calculate the greatest common factor of j and 20.
20
Let h be (2/6)/(5/405). Suppose -2*k - 18 = -4*k. What is the greatest common divisor of h and k?
9
Suppose 3*u - 4*h = 32, -u + 22 = 2*u - 2*h. Suppose -3*p - u*r + 4 = 0, 22 = p - 2*r + 4. Suppose 14 = w - 2. What is the highest common divisor of w and p?
8
Let k = -70 - -80. Suppose -3*q + 5*q - 18 = -4*d, 0 = q + 3. Let t = d + 24. What is the greatest common factor of t and k?
10
Let q = -83 + 97. What is the greatest common factor of q and 35?
7
Let d = 15 + -13. Suppose 5*b - 4*m - 200 = 179, 0 = -4*b - d*m + 298. What is the greatest common divisor of 30 and b?
15
Suppose -5*k + 51 = -3*g, 0*k + g - 16 = -2*k. Calculate the greatest common divisor of k and 9.
9
Let l(h) = -h**3 - 4*h**2 - h + 3. Let s be l(-5). Calculate the highest common divisor of 22 and s.
11
Suppose l + 4*l - 25 = 0. Suppose l*o - 630 = 2*o. Let g be (21/(-2))/(1/(-2)). Calculate the highest common divisor of g and o.
21
Let t be 338/8 - (-1)/(-4). Suppose v - 38 = -v - 3*q, t = 2*v + q. What is the greatest common divisor of v and 11?
11
Let d = 89 + 98. What is the greatest common factor of 17 and d?
17
Let t be (742/10)/7 - (-2)/5. Suppose 5*b - 55 = -0*b. What is the highest common divisor of b and t?
11
Let n(b) = 5*b**2 - 3*b + 1. Let c(v) = 9*v**2 - 6*v + 2. Let g(r) = -6*c(r) + 13*n(r). Let s be g(4). What is the highest common factor of 15 and s?
15
Suppose -y - 50 = -186. Let u = 226 - y. Let s be -4*2*(91/(-28) + 1). What is the highest common divisor of s and u?
18
Let u(d) = 2 + 3 + 4 + 7*d - 10*d**2 + 3*d**2 - d**3. Let p be (-1 - 5)*(-8)/(-6). Let s be u(p). Calculate the highest common divisor of 51 and s.
17
Suppose a - 2 + 0 = 0. Suppose w - a*w = -22. What is the highest common factor of w and 33?
11
Suppose -3*m = 36 - 234. Let s = -41 + 140. What is the highest common factor of m and s?
33
Let f(t) = t**2 - t - 2. Suppose -2*m - 4 = 4. Let s = m - -9. Let a be f(s). Calculate the greatest common factor of 9 and a.
9
Let g be ((-2)/4)/(1/(-30)). Suppose -5*p + 34 = -p + 2*z, -p = z - 7. Calculate the greatest common factor of g and p.
5
Let c(w) = 5*w**2 + 4*w - 6. Let p be c(4). Let a(l) = -l**2 - 9*l - 2. Let h be a(-5). What is the highest common divisor of h and p?
18
Let j(l) = l**2 - 9*l + 17. Let p be j(8). What is the highest common factor of 18 and p?
9
Suppose 5*d + 